{"id":32,"date":"2024-11-01T10:43:10","date_gmt":"2024-11-01T10:43:10","guid":{"rendered":"https:\/\/glueckskatzen.ch\/?page_id=32"},"modified":"2024-11-03T12:06:34","modified_gmt":"2024-11-03T12:06:34","slug":"werden-sie-aktiv","status":"publish","type":"page","link":"https:\/\/glueckskatzen.ch\/?page_id=32","title":{"rendered":"Werden Sie aktiv!"},"content":{"rendered":"\n<p><\/p>\n\n\n<style>.kb-row-layout-id32_a88533-2e > .kt-row-column-wrap{align-content:start;}:where(.kb-row-layout-id32_a88533-2e > .kt-row-column-wrap) > .wp-block-kadence-column{justify-content:start;}.kb-row-layout-id32_a88533-2e > .kt-row-column-wrap{column-gap:var(--global-kb-gap-md, 2rem);row-gap:var(--global-kb-gap-md, 2rem);padding-top:var(--global-kb-spacing-sm, 1.5rem);padding-bottom:var(--global-kb-spacing-5xl, 10rem);grid-template-columns:minmax(0, 1fr);}.kb-row-layout-id32_a88533-2e > .kt-row-layout-overlay{opacity:0.30;}@media all and (max-width: 1024px){.kb-row-layout-id32_a88533-2e > .kt-row-column-wrap{grid-template-columns:minmax(0, 1fr);}}@media all and (max-width: 767px){.kb-row-layout-id32_a88533-2e > .kt-row-column-wrap{grid-template-columns:minmax(0, 1fr);}}<\/style><div class=\"kb-row-layout-wrap kb-row-layout-id32_a88533-2e alignnone wp-block-kadence-rowlayout\"><div class=\"kt-row-column-wrap kt-has-1-columns kt-row-layout-equal kt-tab-layout-inherit kt-mobile-layout-row kt-row-valign-top\">\n<style>.kadence-column32_90f997-1a > .kt-inside-inner-col,.kadence-column32_90f997-1a > .kt-inside-inner-col:before{border-top-left-radius:0px;border-top-right-radius:0px;border-bottom-right-radius:0px;border-bottom-left-radius:0px;}.kadence-column32_90f997-1a > .kt-inside-inner-col{column-gap:var(--global-kb-gap-sm, 1rem);}.kadence-column32_90f997-1a > .kt-inside-inner-col{flex-direction:column;}.kadence-column32_90f997-1a > .kt-inside-inner-col > .aligncenter{width:100%;}.kadence-column32_90f997-1a > .kt-inside-inner-col:before{opacity:0.3;}.kadence-column32_90f997-1a{position:relative;}@media all and (max-width: 1024px){.kadence-column32_90f997-1a > .kt-inside-inner-col{flex-direction:column;justify-content:center;}}@media all and (max-width: 767px){.kadence-column32_90f997-1a > .kt-inside-inner-col{flex-direction:column;justify-content:center;}}<\/style>\n<div class=\"wp-block-kadence-column kadence-column32_90f997-1a\"><div class=\"kt-inside-inner-col\"><\/div><\/div>\n\n<\/div><\/div>\n\n<style>.kb-row-layout-id32_78427e-d8 > .kt-row-column-wrap{align-content:start;}:where(.kb-row-layout-id32_78427e-d8 > .kt-row-column-wrap) > .wp-block-kadence-column{justify-content:start;}.kb-row-layout-id32_78427e-d8 > .kt-row-column-wrap{column-gap:var(--global-kb-gap-md, 2rem);row-gap:var(--global-kb-gap-md, 2rem);max-width:var( --global-content-width, 1475px );padding-left:var(--global-content-edge-padding);padding-right:var(--global-content-edge-padding);padding-top:var(--global-kb-spacing-md, 2rem);padding-bottom:var(--global-kb-spacing-sm, 1.5rem);grid-template-columns:minmax(0, 1fr);}.kb-row-layout-id32_78427e-d8 > .kt-row-layout-overlay{opacity:0.30;}@media all and (max-width: 1024px){.kb-row-layout-id32_78427e-d8 > .kt-row-column-wrap{grid-template-columns:minmax(0, 1fr);}}@media all and (max-width: 767px){.kb-row-layout-id32_78427e-d8 > .kt-row-column-wrap{grid-template-columns:minmax(0, 1fr);}}<\/style><div class=\"kb-row-layout-wrap kb-row-layout-id32_78427e-d8 alignfull has-theme-palette9-background-color kt-row-has-bg wp-block-kadence-rowlayout\"><div class=\"kt-row-column-wrap kt-has-1-columns kt-row-layout-equal kt-tab-layout-inherit kt-mobile-layout-row kt-row-valign-top kb-theme-content-width\">\n<style>.kadence-column32_7c5e01-33 > .kt-inside-inner-col,.kadence-column32_7c5e01-33 > .kt-inside-inner-col:before{border-top-left-radius:0px;border-top-right-radius:0px;border-bottom-right-radius:0px;border-bottom-left-radius:0px;}.kadence-column32_7c5e01-33 > .kt-inside-inner-col{column-gap:var(--global-kb-gap-sm, 1rem);}.kadence-column32_7c5e01-33 > .kt-inside-inner-col{flex-direction:column;}.kadence-column32_7c5e01-33 > .kt-inside-inner-col > .aligncenter{width:100%;}.kadence-column32_7c5e01-33 > .kt-inside-inner-col:before{opacity:0.3;}.kadence-column32_7c5e01-33{position:relative;}@media all and (max-width: 1024px){.kadence-column32_7c5e01-33 > .kt-inside-inner-col{flex-direction:column;justify-content:center;}}@media all and (max-width: 767px){.kadence-column32_7c5e01-33 > .kt-inside-inner-col{flex-direction:column;justify-content:center;}}<\/style>\n<div class=\"wp-block-kadence-column kadence-column32_7c5e01-33 inner-column-1\"><div class=\"kt-inside-inner-col\"><style>.wp-block-kadence-advancedheading.kt-adv-heading32_b4f6e2-80, .wp-block-kadence-advancedheading.kt-adv-heading32_b4f6e2-80[data-kb-block=\"kb-adv-heading32_b4f6e2-80\"]{margin-top:0px;margin-bottom:var(--global-kb-spacing-xs, 1rem);text-align:center;font-size:var(--global-kb-font-size-xl, 3rem);line-height:1.4;font-style:normal;}.wp-block-kadence-advancedheading.kt-adv-heading32_b4f6e2-80 mark.kt-highlight, .wp-block-kadence-advancedheading.kt-adv-heading32_b4f6e2-80[data-kb-block=\"kb-adv-heading32_b4f6e2-80\"] mark.kt-highlight{font-style:normal;color:#f76a0c;-webkit-box-decoration-break:clone;box-decoration-break:clone;padding-top:0px;padding-right:0px;padding-bottom:0px;padding-left:0px;}.wp-block-kadence-advancedheading.kt-adv-heading32_b4f6e2-80 img.kb-inline-image, .wp-block-kadence-advancedheading.kt-adv-heading32_b4f6e2-80[data-kb-block=\"kb-adv-heading32_b4f6e2-80\"] img.kb-inline-image{width:150px;vertical-align:baseline;}<\/style>\n<h2 class=\"kt-adv-heading32_b4f6e2-80 wp-block-kadence-advancedheading has-theme-palette-3-color has-text-color\" data-kb-block=\"kb-adv-heading32_b4f6e2-80\">Mitgliedschaft<\/h2>\n\n\n<style>.wp-block-kadence-advancedheading.kt-adv-heading32_351124-18, .wp-block-kadence-advancedheading.kt-adv-heading32_351124-18[data-kb-block=\"kb-adv-heading32_351124-18\"]{max-width:70%;margin-right:auto;margin-left:auto;text-align:center;line-height:1.8;font-style:normal;}.wp-block-kadence-advancedheading.kt-adv-heading32_351124-18 mark.kt-highlight, .wp-block-kadence-advancedheading.kt-adv-heading32_351124-18[data-kb-block=\"kb-adv-heading32_351124-18\"] mark.kt-highlight{font-style:normal;color:#f76a0c;-webkit-box-decoration-break:clone;box-decoration-break:clone;padding-top:0px;padding-right:0px;padding-bottom:0px;padding-left:0px;}.wp-block-kadence-advancedheading.kt-adv-heading32_351124-18 img.kb-inline-image, .wp-block-kadence-advancedheading.kt-adv-heading32_351124-18[data-kb-block=\"kb-adv-heading32_351124-18\"] img.kb-inline-image{width:150px;vertical-align:baseline;}@media all and (max-width: 1024px){.wp-block-kadence-advancedheading.kt-adv-heading32_351124-18, .wp-block-kadence-advancedheading.kt-adv-heading32_351124-18[data-kb-block=\"kb-adv-heading32_351124-18\"]{max-width:85%;}}@media all and (max-width: 767px){.wp-block-kadence-advancedheading.kt-adv-heading32_351124-18, .wp-block-kadence-advancedheading.kt-adv-heading32_351124-18[data-kb-block=\"kb-adv-heading32_351124-18\"]{max-width:100%;}}<\/style>\n<p class=\"kt-adv-heading32_351124-18 wp-block-kadence-advancedheading has-theme-palette-4-color has-text-color\" data-kb-block=\"kb-adv-heading32_351124-18\">Werden Sie Mitglied von den Gl\u00fcckskatzen!&nbsp;<br>\u200b&nbsp;<br>Jahresbeitrag: CHF 80.-&nbsp;<br>&nbsp;<br>Als Mitglied k\u00f6nnen Sie an der j\u00e4hrlichen Mitgliederversammlung teilnehmen und erhalten Updates zu unseren Aktivit\u00e4ten.&nbsp; Mit Ihrem wertvollen Mitgliederbeitrag unterst\u00fctzten Sie zudem alle Aktivit\u00e4ten des Vereins.<\/p>\n<\/div><\/div>\n\n<\/div><\/div>\n\n<style>.wp-block-kadence-advancedbtn.kb-btns32_7f78c8-8a{gap:var(--global-kb-gap-xs, 0.5rem );justify-content:center;align-items:center;}.kt-btns32_7f78c8-8a .kt-button{font-weight:normal;font-style:normal;}.kt-btns32_7f78c8-8a .kt-btn-wrap-0{margin-right:5px;}.wp-block-kadence-advancedbtn.kt-btns32_7f78c8-8a .kt-btn-wrap-0 .kt-button{color:#555555;border-color:#555555;}.wp-block-kadence-advancedbtn.kt-btns32_7f78c8-8a .kt-btn-wrap-0 .kt-button:hover, .wp-block-kadence-advancedbtn.kt-btns32_7f78c8-8a .kt-btn-wrap-0 .kt-button:focus{color:#ffffff;border-color:#444444;}.wp-block-kadence-advancedbtn.kt-btns32_7f78c8-8a .kt-btn-wrap-0 .kt-button::before{display:none;}.wp-block-kadence-advancedbtn.kt-btns32_7f78c8-8a .kt-btn-wrap-0 .kt-button:hover, .wp-block-kadence-advancedbtn.kt-btns32_7f78c8-8a .kt-btn-wrap-0 .kt-button:focus{background:#444444;}<\/style>\n<div class=\"wp-block-kadence-advancedbtn kb-buttons-wrap kb-btns32_7f78c8-8a\"><style>ul.menu .wp-block-kadence-advancedbtn .kb-btn32_77ca80-87.kb-button{width:initial;}.wp-block-kadence-advancedbtn .kb-btn32_77ca80-87.kb-button .kt-btn-inner-text{background:linear-gradient(135deg,var(--global-palette9) 0%,var(--global-palette9) 100%);-webkit-background-clip:text;-webkit-text-fill-color:transparent;}.wp-block-kadence-advancedbtn .kb-btn32_77ca80-87.kb-button{background:linear-gradient(135deg,var(--global-palette2) 0%,var(--global-palette1) 100%) !important;}<\/style><a class=\"kb-button kt-button button kb-btn32_77ca80-87 kt-btn-size-standard kt-btn-width-type-auto kb-btn-global-fill  kt-btn-has-text-true kt-btn-has-svg-false  wp-block-kadence-singlebtn\" href=\"https:\/\/glueckskatzen.ch\/?page_id=964\"><span class=\"kt-btn-inner-text\">Mitglied werden<\/span><\/a><\/div>\n\n\n<style>.kb-row-layout-id32_7b7632-4b > .kt-row-column-wrap{align-content:start;}:where(.kb-row-layout-id32_7b7632-4b > .kt-row-column-wrap) > .wp-block-kadence-column{justify-content:start;}.kb-row-layout-id32_7b7632-4b > .kt-row-column-wrap{column-gap:var(--global-kb-gap-md, 2rem);row-gap:var(--global-kb-gap-md, 2rem);max-width:var( --global-content-width, 1475px );padding-left:var(--global-content-edge-padding);padding-right:var(--global-content-edge-padding);padding-top:var(--global-kb-spacing-md, 2rem);padding-bottom:var(--global-kb-spacing-md, 2rem);grid-template-columns:minmax(0, 1fr);}.kb-row-layout-id32_7b7632-4b > .kt-row-layout-overlay{opacity:0.30;}@media all and (max-width: 1024px){.kb-row-layout-id32_7b7632-4b > .kt-row-column-wrap{grid-template-columns:minmax(0, 1fr);}}@media all and (max-width: 767px){.kb-row-layout-id32_7b7632-4b > .kt-row-column-wrap{grid-template-columns:minmax(0, 1fr);}}<\/style><div class=\"kb-row-layout-wrap kb-row-layout-id32_7b7632-4b alignfull has-theme-palette9-background-color kt-row-has-bg wp-block-kadence-rowlayout\"><div class=\"kt-row-column-wrap kt-has-1-columns kt-row-layout-equal kt-tab-layout-inherit kt-mobile-layout-row kt-row-valign-top kb-theme-content-width\">\n<style>.kadence-column32_47a7d2-ed > .kt-inside-inner-col{display:flex;}.kadence-column32_47a7d2-ed > .kt-inside-inner-col,.kadence-column32_47a7d2-ed > .kt-inside-inner-col:before{border-top-left-radius:0px;border-top-right-radius:0px;border-bottom-right-radius:0px;border-bottom-left-radius:0px;}.kadence-column32_47a7d2-ed > .kt-inside-inner-col{column-gap:var(--global-kb-gap-sm, 1rem);}.kadence-column32_47a7d2-ed > .kt-inside-inner-col{flex-direction:column;justify-content:center;}.kadence-column32_47a7d2-ed > .kt-inside-inner-col > .aligncenter{width:100%;}.kt-row-column-wrap > .kadence-column32_47a7d2-ed{align-self:center;}.kt-inner-column-height-full:not(.kt-has-1-columns) > .wp-block-kadence-column.kadence-column32_47a7d2-ed{align-self:auto;}.kt-inner-column-height-full:not(.kt-has-1-columns) > .wp-block-kadence-column.kadence-column32_47a7d2-ed > .kt-inside-inner-col{flex-direction:column;justify-content:center;}.kadence-column32_47a7d2-ed > .kt-inside-inner-col:before{opacity:0.3;}.kadence-column32_47a7d2-ed{position:relative;}@media all and (max-width: 1024px){.kt-row-column-wrap > .kadence-column32_47a7d2-ed{align-self:center;}}@media all and (max-width: 1024px){.kt-inner-column-height-full:not(.kt-has-1-columns) > .wp-block-kadence-column.kadence-column32_47a7d2-ed{align-self:auto;}}@media all and (max-width: 1024px){.kt-inner-column-height-full:not(.kt-has-1-columns) > .wp-block-kadence-column.kadence-column32_47a7d2-ed > .kt-inside-inner-col{flex-direction:column;justify-content:center;}}@media all and (max-width: 1024px){.kadence-column32_47a7d2-ed > .kt-inside-inner-col{flex-direction:column;justify-content:center;}}@media all and (max-width: 767px){.kt-row-column-wrap > .kadence-column32_47a7d2-ed{align-self:center;}.kt-inner-column-height-full:not(.kt-has-1-columns) > .wp-block-kadence-column.kadence-column32_47a7d2-ed{align-self:auto;}.kt-inner-column-height-full:not(.kt-has-1-columns) > .wp-block-kadence-column.kadence-column32_47a7d2-ed > .kt-inside-inner-col{flex-direction:column;justify-content:center;}.kadence-column32_47a7d2-ed > .kt-inside-inner-col{flex-direction:column;justify-content:center;}}<\/style>\n<div class=\"wp-block-kadence-column kadence-column32_47a7d2-ed inner-column-1\"><div class=\"kt-inside-inner-col\"><style>.wp-block-kadence-advancedheading.kt-adv-heading32_08100e-cb, .wp-block-kadence-advancedheading.kt-adv-heading32_08100e-cb[data-kb-block=\"kb-adv-heading32_08100e-cb\"]{margin-top:0px;margin-bottom:var(--global-kb-spacing-xs, 1rem);text-align:center;font-size:var(--global-kb-font-size-xl, 3rem);line-height:1.4;font-style:normal;}.wp-block-kadence-advancedheading.kt-adv-heading32_08100e-cb mark.kt-highlight, .wp-block-kadence-advancedheading.kt-adv-heading32_08100e-cb[data-kb-block=\"kb-adv-heading32_08100e-cb\"] mark.kt-highlight{font-style:normal;color:#f76a0c;-webkit-box-decoration-break:clone;box-decoration-break:clone;padding-top:0px;padding-right:0px;padding-bottom:0px;padding-left:0px;}.wp-block-kadence-advancedheading.kt-adv-heading32_08100e-cb img.kb-inline-image, .wp-block-kadence-advancedheading.kt-adv-heading32_08100e-cb[data-kb-block=\"kb-adv-heading32_08100e-cb\"] img.kb-inline-image{width:150px;vertical-align:baseline;}<\/style>\n<h2 class=\"kt-adv-heading32_08100e-cb wp-block-kadence-advancedheading has-theme-palette-3-color has-text-color\" data-kb-block=\"kb-adv-heading32_08100e-cb\">Patenschaft &amp; Spende<\/h2>\n\n\n\n<p class=\"has-text-align-center\">Kein Betrag ist zu klein, wir freuen uns \u00fcber jede Unterst\u00fctzung. <br>Ob mit einer einmaligen Spende oder einem monatlichen Beitrag.<\/p>\n\n\n<style>.wp-block-kadence-advancedheading.kt-adv-heading32_2a2840-7b, .wp-block-kadence-advancedheading.kt-adv-heading32_2a2840-7b[data-kb-block=\"kb-adv-heading32_2a2840-7b\"]{max-width:70%;margin-right:auto;margin-left:auto;text-align:center;line-height:1.8;font-style:normal;}.wp-block-kadence-advancedheading.kt-adv-heading32_2a2840-7b mark.kt-highlight, .wp-block-kadence-advancedheading.kt-adv-heading32_2a2840-7b[data-kb-block=\"kb-adv-heading32_2a2840-7b\"] mark.kt-highlight{font-style:normal;color:#f76a0c;-webkit-box-decoration-break:clone;box-decoration-break:clone;padding-top:0px;padding-right:0px;padding-bottom:0px;padding-left:0px;}.wp-block-kadence-advancedheading.kt-adv-heading32_2a2840-7b img.kb-inline-image, .wp-block-kadence-advancedheading.kt-adv-heading32_2a2840-7b[data-kb-block=\"kb-adv-heading32_2a2840-7b\"] img.kb-inline-image{width:150px;vertical-align:baseline;}@media all and (max-width: 1024px){.wp-block-kadence-advancedheading.kt-adv-heading32_2a2840-7b, .wp-block-kadence-advancedheading.kt-adv-heading32_2a2840-7b[data-kb-block=\"kb-adv-heading32_2a2840-7b\"]{max-width:85%;}}@media all and (max-width: 767px){.wp-block-kadence-advancedheading.kt-adv-heading32_2a2840-7b, .wp-block-kadence-advancedheading.kt-adv-heading32_2a2840-7b[data-kb-block=\"kb-adv-heading32_2a2840-7b\"]{max-width:100%;}}<\/style>\n<p class=\"kt-adv-heading32_2a2840-7b wp-block-kadence-advancedheading has-theme-palette-4-color has-text-color\" data-kb-block=\"kb-adv-heading32_2a2840-7b\"><strong>Kastration<\/strong><br>Kastrationen sind eine wirksame und nachhaltige M\u00f6glichkeit, den Tieren zu einem besseren, stressfreieren und ges\u00fcnderen Leben zu verhelfen. Mit TNR verhindert man Millionen von unerw\u00fcnschtem Nachwuchs und viel Tierleid.<br>&nbsp;<br>Werden Sie f\u00fcr 90.- Kastrations-Pate\/in<br>&nbsp;<br>Zahlungsvermerk: Kastration<br>&nbsp;<br><strong>Futter<\/strong><br>Sorgen Sie eine Woche f\u00fcr volle N\u00e4pfchen von 10 Strassenkatzen.<br>&nbsp;<br>Werden Sie f\u00fcr 50.- Futter-Pate\/in<br>&nbsp;<br>Zahlungsvermerk: Futter<br>&nbsp;<br><strong>Medikamente<\/strong><br>Medikamente, Wurmtabletten, Floh- und Zeckenmittel, Impfungen etc. sind ein wichtiger Bestandteil f\u00fcr die Gesundheit der Tiere in grossen Kolonien.<br>&nbsp;<br>Werden Sie f\u00fcr 30.- Medikamenten-Pate\/in<br>&nbsp;<br>Zahlungsvermerk: Medikamente<br>&nbsp;<br>&nbsp;<br><strong>Monatlich<\/strong><br>Werden Sie Patin \/ Pate f\u00fcr eines unserer Tiere f\u00fcr einen Monat. Damit decken Sie die allt\u00e4glichen Kosten wie Futter, Streu, Entwurmung, Impfungen etc ab.&nbsp;<br>&nbsp;<br>Werden Sie f\u00fcr 80.- monatlich Patin \/ Pate f\u00fcr ein Tier<br>&nbsp;<br>Zahlungsvermerk: Patenschaft<\/p>\n<\/div><\/div>\n\n<\/div><\/div>\n\n<div class=\"wp-block-image\">\n<figure class=\"aligncenter size-large\"><img loading=\"lazy\" decoding=\"async\" width=\"1024\" height=\"519\" src=\"https:\/\/glueckskatzen.ch\/wp-content\/uploads\/2024\/11\/Foto-QR-1024x519.png\" alt=\"\" class=\"wp-image-982\" srcset=\"https:\/\/glueckskatzen.ch\/wp-content\/uploads\/2024\/11\/Foto-QR-1024x519.png 1024w, https:\/\/glueckskatzen.ch\/wp-content\/uploads\/2024\/11\/Foto-QR-300x152.png 300w, https:\/\/glueckskatzen.ch\/wp-content\/uploads\/2024\/11\/Foto-QR-768x389.png 768w, https:\/\/glueckskatzen.ch\/wp-content\/uploads\/2024\/11\/Foto-QR-600x304.png 600w, https:\/\/glueckskatzen.ch\/wp-content\/uploads\/2024\/11\/Foto-QR.png 1130w\" sizes=\"auto, (max-width: 1024px) 100vw, 1024px\" \/><\/figure>\n<\/div>\n\n<style>.kb-row-layout-id32_5ed7f4-6a > .kt-row-column-wrap{align-content:start;}:where(.kb-row-layout-id32_5ed7f4-6a > .kt-row-column-wrap) > .wp-block-kadence-column{justify-content:start;}.kb-row-layout-id32_5ed7f4-6a > .kt-row-column-wrap{column-gap:var(--global-kb-gap-md, 2rem);row-gap:var(--global-kb-gap-md, 2rem);max-width:var( --global-content-width, 1475px );padding-left:var(--global-content-edge-padding);padding-right:var(--global-content-edge-padding);padding-top:var(--global-kb-spacing-md, 2rem);padding-bottom:var(--global-kb-spacing-md, 2rem);grid-template-columns:minmax(0, 1fr);}.kb-row-layout-id32_5ed7f4-6a > .kt-row-layout-overlay{opacity:0.30;}@media all and (max-width: 1024px){.kb-row-layout-id32_5ed7f4-6a > .kt-row-column-wrap{grid-template-columns:minmax(0, 1fr);}}@media all and (max-width: 767px){.kb-row-layout-id32_5ed7f4-6a > .kt-row-column-wrap{grid-template-columns:minmax(0, 1fr);}}<\/style><div class=\"kb-row-layout-wrap kb-row-layout-id32_5ed7f4-6a alignfull has-theme-palette9-background-color kt-row-has-bg wp-block-kadence-rowlayout\"><div class=\"kt-row-column-wrap kt-has-1-columns kt-row-layout-equal kt-tab-layout-inherit kt-mobile-layout-row kt-row-valign-top kb-theme-content-width\">\n<style>.kadence-column32_d53f36-1d > .kt-inside-inner-col,.kadence-column32_d53f36-1d > .kt-inside-inner-col:before{border-top-left-radius:0px;border-top-right-radius:0px;border-bottom-right-radius:0px;border-bottom-left-radius:0px;}.kadence-column32_d53f36-1d > .kt-inside-inner-col{column-gap:var(--global-kb-gap-sm, 1rem);}.kadence-column32_d53f36-1d > .kt-inside-inner-col{flex-direction:column;}.kadence-column32_d53f36-1d > .kt-inside-inner-col > .aligncenter{width:100%;}.kadence-column32_d53f36-1d > .kt-inside-inner-col:before{opacity:0.3;}.kadence-column32_d53f36-1d{position:relative;}@media all and (max-width: 1024px){.kadence-column32_d53f36-1d > .kt-inside-inner-col{flex-direction:column;justify-content:center;}}@media all and (max-width: 767px){.kadence-column32_d53f36-1d > .kt-inside-inner-col{flex-direction:column;justify-content:center;}}<\/style>\n<div class=\"wp-block-kadence-column kadence-column32_d53f36-1d inner-column-1\"><div class=\"kt-inside-inner-col\"><style>.wp-block-kadence-advancedheading.kt-adv-heading32_ad106d-8d, .wp-block-kadence-advancedheading.kt-adv-heading32_ad106d-8d[data-kb-block=\"kb-adv-heading32_ad106d-8d\"]{max-width:70%;margin-right:auto;margin-left:auto;text-align:center;line-height:1.8;font-style:normal;}.wp-block-kadence-advancedheading.kt-adv-heading32_ad106d-8d mark.kt-highlight, .wp-block-kadence-advancedheading.kt-adv-heading32_ad106d-8d[data-kb-block=\"kb-adv-heading32_ad106d-8d\"] mark.kt-highlight{font-style:normal;color:#f76a0c;-webkit-box-decoration-break:clone;box-decoration-break:clone;padding-top:0px;padding-right:0px;padding-bottom:0px;padding-left:0px;}.wp-block-kadence-advancedheading.kt-adv-heading32_ad106d-8d img.kb-inline-image, .wp-block-kadence-advancedheading.kt-adv-heading32_ad106d-8d[data-kb-block=\"kb-adv-heading32_ad106d-8d\"] img.kb-inline-image{width:150px;vertical-align:baseline;}@media all and (max-width: 1024px){.wp-block-kadence-advancedheading.kt-adv-heading32_ad106d-8d, .wp-block-kadence-advancedheading.kt-adv-heading32_ad106d-8d[data-kb-block=\"kb-adv-heading32_ad106d-8d\"]{max-width:85%;}}@media all and (max-width: 767px){.wp-block-kadence-advancedheading.kt-adv-heading32_ad106d-8d, .wp-block-kadence-advancedheading.kt-adv-heading32_ad106d-8d[data-kb-block=\"kb-adv-heading32_ad106d-8d\"]{max-width:100%;}}<\/style>\n<p class=\"kt-adv-heading32_ad106d-8d wp-block-kadence-advancedheading has-theme-palette-4-color has-text-color\" data-kb-block=\"kb-adv-heading32_ad106d-8d\"><br><strong>F\u00fcr \u00dcberweisungen aus dem Ausland:<br><\/strong>PostFinance<br>IBAN: CH38 0900 0000 1602 8022 5<br>BIC: POFICHBEXXX<br>Gl\u00fcckskatzen<br>Mittlere Bettenwiesenstrasse 19<br>9300 Wittenbach<\/p>\n<\/div><\/div>\n\n<\/div><\/div>","protected":false},"excerpt":{"rendered":"<p>Mitgliedschaft Werden Sie Mitglied von den Gl\u00fcckskatzen!&nbsp;\u200b&nbsp;Jahresbeitrag: CHF 80.-&nbsp;&nbsp;Als Mitglied k\u00f6nnen Sie an der j\u00e4hrlichen Mitgliederversammlung teilnehmen und erhalten Updates zu unseren Aktivit\u00e4ten.&nbsp; Mit Ihrem wertvollen Mitgliederbeitrag unterst\u00fctzten Sie zudem alle Aktivit\u00e4ten des Vereins. Patenschaft &amp; Spende Kein Betrag ist zu klein, wir freuen uns \u00fcber jede Unterst\u00fctzung. Ob mit einer einmaligen Spende oder einem&#8230;<\/p>\n","protected":false},"author":1,"featured_media":0,"parent":0,"menu_order":0,"comment_status":"closed","ping_status":"closed","template":"","meta":{"_kadence_starter_templates_imported_post":false,"_kad_post_transparent":"","_kad_post_title":"","_kad_post_layout":"","_kad_post_sidebar_id":"","_kad_post_content_style":"","_kad_post_vertical_padding":"","_kad_post_feature":"","_kad_post_feature_position":"","_kad_post_header":false,"_kad_post_footer":false,"_kad_post_classname":"","footnotes":""},"class_list":["post-32","page","type-page","status-publish","hentry"],"featured_image_src":null,"featured_image_src_square":null,"_links":{"self":[{"href":"https:\/\/glueckskatzen.ch\/index.php?rest_route=\/wp\/v2\/pages\/32","targetHints":{"allow":["GET"]}}],"collection":[{"href":"https:\/\/glueckskatzen.ch\/index.php?rest_route=\/wp\/v2\/pages"}],"about":[{"href":"https:\/\/glueckskatzen.ch\/index.php?rest_route=\/wp\/v2\/types\/page"}],"author":[{"embeddable":true,"href":"https:\/\/glueckskatzen.ch\/index.php?rest_route=\/wp\/v2\/users\/1"}],"replies":[{"embeddable":true,"href":"https:\/\/glueckskatzen.ch\/index.php?rest_route=%2Fwp%2Fv2%2Fcomments&post=32"}],"version-history":[{"count":20,"href":"https:\/\/glueckskatzen.ch\/index.php?rest_route=\/wp\/v2\/pages\/32\/revisions"}],"predecessor-version":[{"id":1086,"href":"https:\/\/glueckskatzen.ch\/index.php?rest_route=\/wp\/v2\/pages\/32\/revisions\/1086"}],"wp:attachment":[{"href":"https:\/\/glueckskatzen.ch\/index.php?rest_route=%2Fwp%2Fv2%2Fmedia&parent=32"}],"curies":[{"name":"wp","href":"https:\/\/api.w.org\/{rel}","templated":true}]}}