{"id":915,"date":"2024-11-03T08:24:15","date_gmt":"2024-11-03T08:24:15","guid":{"rendered":"https:\/\/glueckskatzen.ch\/?page_id=915"},"modified":"2024-11-03T12:49:13","modified_gmt":"2024-11-03T12:49:13","slug":"situation","status":"publish","type":"page","link":"https:\/\/glueckskatzen.ch\/?page_id=915","title":{"rendered":"Situation Schweiz"},"content":{"rendered":"<style>.kb-row-layout-id915_40443f-ba > .kt-row-column-wrap{align-content:start;}:where(.kb-row-layout-id915_40443f-ba > .kt-row-column-wrap) > .wp-block-kadence-column{justify-content:start;}.kb-row-layout-id915_40443f-ba > .kt-row-column-wrap{column-gap:var(--global-kb-gap-md, 2rem);row-gap:var(--global-kb-gap-md, 2rem);padding-top:var(--global-kb-spacing-sm, 1.5rem);padding-bottom:var(--global-kb-spacing-5xl, 10rem);grid-template-columns:minmax(0, 1fr);}.kb-row-layout-id915_40443f-ba > .kt-row-layout-overlay{opacity:0.30;}@media all and (max-width: 1024px){.kb-row-layout-id915_40443f-ba > .kt-row-column-wrap{grid-template-columns:minmax(0, 1fr);}}@media all and (max-width: 767px){.kb-row-layout-id915_40443f-ba > .kt-row-column-wrap{grid-template-columns:minmax(0, 1fr);}}<\/style><div class=\"kb-row-layout-wrap kb-row-layout-id915_40443f-ba alignnone wp-block-kadence-rowlayout\"><div class=\"kt-row-column-wrap kt-has-1-columns kt-row-layout-equal kt-tab-layout-inherit kt-mobile-layout-row kt-row-valign-top\">\n<style>.kadence-column915_83f304-a0 > .kt-inside-inner-col,.kadence-column915_83f304-a0 > .kt-inside-inner-col:before{border-top-left-radius:0px;border-top-right-radius:0px;border-bottom-right-radius:0px;border-bottom-left-radius:0px;}.kadence-column915_83f304-a0 > .kt-inside-inner-col{column-gap:var(--global-kb-gap-sm, 1rem);}.kadence-column915_83f304-a0 > .kt-inside-inner-col{flex-direction:column;}.kadence-column915_83f304-a0 > .kt-inside-inner-col > .aligncenter{width:100%;}.kadence-column915_83f304-a0 > .kt-inside-inner-col:before{opacity:0.3;}.kadence-column915_83f304-a0{position:relative;}@media all and (max-width: 1024px){.kadence-column915_83f304-a0 > .kt-inside-inner-col{flex-direction:column;justify-content:center;}}@media all and (max-width: 767px){.kadence-column915_83f304-a0 > .kt-inside-inner-col{flex-direction:column;justify-content:center;}}<\/style>\n<div class=\"wp-block-kadence-column kadence-column915_83f304-a0\"><div class=\"kt-inside-inner-col\"><\/div><\/div>\n\n<\/div><\/div>\n\n<style>.kb-row-layout-id915_2da77d-b9 > .kt-row-column-wrap{align-content:center;}:where(.kb-row-layout-id915_2da77d-b9 > .kt-row-column-wrap) > .wp-block-kadence-column{justify-content:center;}.kb-row-layout-id915_2da77d-b9 > .kt-row-column-wrap{column-gap:var(--global-kb-gap-lg, 4rem);row-gap:var(--global-kb-gap-md, 2rem);max-width:var( --global-content-width, 1475px );padding-left:var(--global-content-edge-padding);padding-right:var(--global-content-edge-padding);padding-top:var(--global-kb-spacing-md, 2rem);padding-bottom:var(--global-kb-spacing-md, 2rem);grid-template-columns:minmax(0, 1fr);}.kb-row-layout-id915_2da77d-b9{background-color:#f4f4f2;}.kb-row-layout-id915_2da77d-b9 > .kt-row-layout-overlay{opacity:0.30;}.kb-row-layout-id915_2da77d-b9 ,.kb-row-layout-id915_2da77d-b9 h1,.kb-row-layout-id915_2da77d-b9 h2,.kb-row-layout-id915_2da77d-b9 h3,.kb-row-layout-id915_2da77d-b9 h4,.kb-row-layout-id915_2da77d-b9 h5,.kb-row-layout-id915_2da77d-b9 h6{color:var(--global-palette3, #1A202C);}.kb-row-layout-id915_2da77d-b9 a{color:var(--global-palette1, #3182CE);}.kb-row-layout-id915_2da77d-b9 a:hover{color:var(--global-palette2, #2B6CB0);}@media all and (max-width: 1024px){.kb-row-layout-id915_2da77d-b9 > .kt-row-column-wrap{padding-top:var(--global-kb-spacing-4xl, 8rem);grid-template-columns:minmax(0, 1fr);}}@media all and (max-width: 767px){.kb-row-layout-id915_2da77d-b9 > .kt-row-column-wrap{padding-top:var(--global-kb-spacing-3xl, 6.5rem);padding-bottom:var(--global-kb-spacing-lg, 3rem);grid-template-columns:minmax(0, 1fr);}}<\/style><div class=\"kb-row-layout-wrap kb-row-layout-id915_2da77d-b9 alignfull kt-row-has-bg wp-block-kadence-rowlayout\"><div class=\"kt-row-column-wrap kt-has-1-columns kt-row-layout-equal kt-tab-layout-inherit kt-mobile-layout-row kt-row-valign-middle kb-theme-content-width\">\n<style>.kadence-column915_ac49a0-48 > .kt-inside-inner-col{display:flex;}.kadence-column915_ac49a0-48 > .kt-inside-inner-col{padding-right:var(--global-kb-spacing-lg, 3rem);}.kadence-column915_ac49a0-48 > .kt-inside-inner-col,.kadence-column915_ac49a0-48 > .kt-inside-inner-col:before{border-top-left-radius:0px;border-top-right-radius:0px;border-bottom-right-radius:0px;border-bottom-left-radius:0px;}.kadence-column915_ac49a0-48 > .kt-inside-inner-col{column-gap:var(--global-kb-gap-sm, 1rem);}.kadence-column915_ac49a0-48 > .kt-inside-inner-col{flex-direction:column;justify-content:center;}.kadence-column915_ac49a0-48 > .kt-inside-inner-col > .aligncenter{width:100%;}.kt-row-column-wrap > .kadence-column915_ac49a0-48{align-self:center;}.kt-inner-column-height-full:not(.kt-has-1-columns) > .wp-block-kadence-column.kadence-column915_ac49a0-48{align-self:auto;}.kt-inner-column-height-full:not(.kt-has-1-columns) > .wp-block-kadence-column.kadence-column915_ac49a0-48 > .kt-inside-inner-col{flex-direction:column;justify-content:center;}.kadence-column915_ac49a0-48 > .kt-inside-inner-col:before{opacity:0.3;}.kadence-column915_ac49a0-48{text-align:center;}.kadence-column915_ac49a0-48{position:relative;}@media all and (max-width: 1024px){.kt-row-column-wrap > .kadence-column915_ac49a0-48{align-self:center;}}@media all and (max-width: 1024px){.kt-inner-column-height-full:not(.kt-has-1-columns) > .wp-block-kadence-column.kadence-column915_ac49a0-48{align-self:auto;}}@media all and (max-width: 1024px){.kt-inner-column-height-full:not(.kt-has-1-columns) > .wp-block-kadence-column.kadence-column915_ac49a0-48 > .kt-inside-inner-col{flex-direction:column;justify-content:center;}}@media all and (max-width: 1024px){.kadence-column915_ac49a0-48 > .kt-inside-inner-col{flex-direction:column;justify-content:center;}}@media all and (max-width: 767px){.kt-row-column-wrap > .kadence-column915_ac49a0-48{align-self:center;}.kt-inner-column-height-full:not(.kt-has-1-columns) > .wp-block-kadence-column.kadence-column915_ac49a0-48{align-self:auto;}.kt-inner-column-height-full:not(.kt-has-1-columns) > .wp-block-kadence-column.kadence-column915_ac49a0-48 > .kt-inside-inner-col{flex-direction:column;justify-content:center;}.kadence-column915_ac49a0-48 > .kt-inside-inner-col{flex-direction:column;justify-content:center;}}<\/style>\n<div class=\"wp-block-kadence-column kadence-column915_ac49a0-48\"><div class=\"kt-inside-inner-col\"><style>.wp-block-kadence-advancedheading.kt-adv-heading915_4c2866-b1, .wp-block-kadence-advancedheading.kt-adv-heading915_4c2866-b1[data-kb-block=\"kb-adv-heading915_4c2866-b1\"]{text-align:center;font-size:var(--global-kb-font-size-xxl, 4rem);line-height:1em;font-style:normal;}.wp-block-kadence-advancedheading.kt-adv-heading915_4c2866-b1 mark.kt-highlight, .wp-block-kadence-advancedheading.kt-adv-heading915_4c2866-b1[data-kb-block=\"kb-adv-heading915_4c2866-b1\"] mark.kt-highlight{font-style:normal;color:#f76a0c;-webkit-box-decoration-break:clone;box-decoration-break:clone;padding-top:0px;padding-right:0px;padding-bottom:0px;padding-left:0px;}.wp-block-kadence-advancedheading.kt-adv-heading915_4c2866-b1 img.kb-inline-image, .wp-block-kadence-advancedheading.kt-adv-heading915_4c2866-b1[data-kb-block=\"kb-adv-heading915_4c2866-b1\"] img.kb-inline-image{width:150px;vertical-align:baseline;}<\/style>\n<h2 class=\"kt-adv-heading915_4c2866-b1 wp-block-kadence-advancedheading\" data-kb-block=\"kb-adv-heading915_4c2866-b1\">Situation in der Schweiz<\/h2>\n\n\n<style>.wp-block-kadence-advancedheading.kt-adv-heading915_391a99-06, .wp-block-kadence-advancedheading.kt-adv-heading915_391a99-06[data-kb-block=\"kb-adv-heading915_391a99-06\"]{text-align:center;font-size:var(--global-kb-font-size-md, 1.25rem);line-height:1.2em;font-style:normal;}.wp-block-kadence-advancedheading.kt-adv-heading915_391a99-06 mark.kt-highlight, .wp-block-kadence-advancedheading.kt-adv-heading915_391a99-06[data-kb-block=\"kb-adv-heading915_391a99-06\"] mark.kt-highlight{font-style:normal;color:#f76a0c;-webkit-box-decoration-break:clone;box-decoration-break:clone;padding-top:0px;padding-right:0px;padding-bottom:0px;padding-left:0px;}.wp-block-kadence-advancedheading.kt-adv-heading915_391a99-06 img.kb-inline-image, .wp-block-kadence-advancedheading.kt-adv-heading915_391a99-06[data-kb-block=\"kb-adv-heading915_391a99-06\"] img.kb-inline-image{width:150px;vertical-align:baseline;}.wp-block-kadence-advancedheading.kt-adv-heading915_391a99-06[data-kb-block=\"kb-adv-heading915_391a99-06\"] a, a.kb-advanced-heading-link.kt-adv-heading-link915_391a99-06{text-decoration:underline;}.wp-block-kadence-advancedheading.kt-adv-heading915_391a99-06[data-kb-block=\"kb-adv-heading915_391a99-06\"] a:hover, a.kb-advanced-heading-link.kt-adv-heading-link915_391a99-06:hover{text-decoration:underline;}<\/style>\n<p class=\"kt-adv-heading915_391a99-06 wp-block-kadence-advancedheading has-theme-palette-1-color has-text-color hls-underline\" data-kb-block=\"kb-adv-heading915_391a99-06\">In der Schweiz leben fast 1.9 Millionen Katzen.\u00a0Tendenz steigend. Das Katzenleid in der Schweiz ist gross. Tausende von Katzen vegetieren auf Bauernh\u00f6fen, Fabrikarealen, in Siedlungen, G\u00e4rtnereien, Schreberg\u00e4rten und an vielen weiteren Orten vor sich hin.<br>Jedes Jahr werden sch\u00e4tzungsweise 200\u2019000 Jungtiere ertr\u00e4nkt, erstickt, totgeschlagen, vergast oder erschossen, weil sie unerw\u00fcnscht sind und die Verantwortlichen die Kosten f\u00fcr eine Kastration scheuen oder bewusst auf Kastrationen verzichten, sei dies aus Gr\u00fcnden des Aberglaubens, falsch verstandener Religion, Gleichg\u00fcltigkeit oder Missverst\u00e4ndnissen. Viele Tiere sterben zudem an Krankheiten, werden Opfer des Verkehrs oder von J\u00e4gern erschossen. <a href=\"https:\/\/netap.ch\/wp-content\/uploads\/2024\/08\/2024_Hochrechnung-Katzentoetungen-Schweiz-NetAP.pdf\" target=\"_blank\" rel=\"noreferrer noopener\">(Hochrechnungen Katzent\u00f6tungen Schweiz)<\/a><br>\u00a0<br>Unwissende oder gleichg\u00fcltige Privatpersonen versch\u00e4rfen die Situation dadurch, dass sie ihre Katze unbedingt mindestens einmal Jungtiere haben lassen. Selbst wenn f\u00fcr den Nachwuchs Pl\u00e4tze gefunden werden, so steigt dennoch die Anzahl an Katzen kontinuierlich an, Pl\u00e4tze f\u00fcr Tierheimtiere oder Tierschutzf\u00e4lle werden besetzt und ein Teil dieser absichtlich \u201eproduzierten\u201c Jungtiere wird irgendwann ebenfalls im Tierheim oder auf der Strasse landen. Dabei h\u00e4tte die rechtzeitige Kastration nur Vorteile.<br>\u00a0<br>Quelle: <a href=\"https:\/\/netap.ch\/aktivitaeten\/kastration-praevention\/kastrationsprogramme-schweiz\/\"><strong>NetAp<\/strong><\/a><\/p>\n\n\n\n<p><\/p>\n<\/div><\/div>\n\n<\/div><\/div>\n\n\n<p><\/p>\n","protected":false},"excerpt":{"rendered":"<p>Situation in der Schweiz In der Schweiz leben fast 1.9 Millionen Katzen.\u00a0Tendenz steigend. Das Katzenleid in der Schweiz ist gross. Tausende von Katzen vegetieren auf Bauernh\u00f6fen, Fabrikarealen, in Siedlungen, G\u00e4rtnereien, Schreberg\u00e4rten und an vielen weiteren Orten vor sich hin.Jedes Jahr werden sch\u00e4tzungsweise 200\u2019000 Jungtiere ertr\u00e4nkt, erstickt, totgeschlagen, vergast oder erschossen, weil sie unerw\u00fcnscht sind und&#8230;<\/p>\n","protected":false},"author":1,"featured_media":0,"parent":0,"menu_order":0,"comment_status":"closed","ping_status":"closed","template":"","meta":{"_kadence_starter_templates_imported_post":false,"_kad_post_transparent":"","_kad_post_title":"","_kad_post_layout":"","_kad_post_sidebar_id":"","_kad_post_content_style":"","_kad_post_vertical_padding":"","_kad_post_feature":"","_kad_post_feature_position":"","_kad_post_header":false,"_kad_post_footer":false,"_kad_post_classname":"","footnotes":""},"class_list":["post-915","page","type-page","status-publish","hentry"],"featured_image_src":null,"featured_image_src_square":null,"_links":{"self":[{"href":"https:\/\/glueckskatzen.ch\/index.php?rest_route=\/wp\/v2\/pages\/915","targetHints":{"allow":["GET"]}}],"collection":[{"href":"https:\/\/glueckskatzen.ch\/index.php?rest_route=\/wp\/v2\/pages"}],"about":[{"href":"https:\/\/glueckskatzen.ch\/index.php?rest_route=\/wp\/v2\/types\/page"}],"author":[{"embeddable":true,"href":"https:\/\/glueckskatzen.ch\/index.php?rest_route=\/wp\/v2\/users\/1"}],"replies":[{"embeddable":true,"href":"https:\/\/glueckskatzen.ch\/index.php?rest_route=%2Fwp%2Fv2%2Fcomments&post=915"}],"version-history":[{"count":24,"href":"https:\/\/glueckskatzen.ch\/index.php?rest_route=\/wp\/v2\/pages\/915\/revisions"}],"predecessor-version":[{"id":1112,"href":"https:\/\/glueckskatzen.ch\/index.php?rest_route=\/wp\/v2\/pages\/915\/revisions\/1112"}],"wp:attachment":[{"href":"https:\/\/glueckskatzen.ch\/index.php?rest_route=%2Fwp%2Fv2%2Fmedia&parent=915"}],"curies":[{"name":"wp","href":"https:\/\/api.w.org\/{rel}","templated":true}]}}